 remainder when 527 is divided by 59.
55
What is the remainder when 100 is divided by 18?
10
Calculate the remainder when 1649 is divided by 184.
177
What is the remainder when 185 is divided by 65?
55
Calculate the remainder when 18898 is divided by 50.
48
What is the remainder when 774 is divided by 20?
14
What is the remainder when 112 is divided by 31?
19
What is the remainder when 79 is divided by 3?
1
What is the remainder when 56 is divided by 19?
18
What is the remainder when 301 is divided by 24?
13
Calculate the remainder when 5207 is divided by 186.
185
What is the remainder when 170 is divided by 19?
18
What is the remainder when 241 is divided by 27?
25
Calculate the remainder when 323 is divided by 13.
11
What is the remainder when 686 is divided by 15?
11
What is the remainder when 180 is divided by 37?
32
Calculate the remainder when 1189 is divided by 150.
139
Calculate the remainder when 3146 is divided by 75.
71
Calculate the remainder when 48 is divided by 19.
10
Calculate the remainder when 1509 is divided by 536.
437
What is the remainder when 578 is divided by 98?
88
What is the remainder when 448 is divided by 60?
28
What is the remainder when 449 is divided by 116?
101
What is the remainder when 250 is divided by 43?
35
What is the remainder when 169 is divided by 27?
7
Calculate the remainder when 6589 is divided by 37.
3
What is the remainder when 420 is divided by 71?
65
What is the remainder when 133 is divided by 15?
13
What is the remainder when 311 is divided by 83?
62
What is the remainder when 1118 is divided by 56?
54
Calculate the remainder when 221 is divided by 23.
14
What is the remainder when 185 is divided by 51?
32
Calculate the remainder when 37 is divided by 27.
10
What is the remainder when 5531 is divided by 15?
11
What is the remainder when 123 is divided by 44?
35
What is the remainder when 131 is divided by 34?
29
Calculate the remainder when 26 is divided by 8.
2
Calculate the remainder when 1318 is divided by 120.
118
What is the remainder when 989 is divided by 32?
29
What is the remainder when 6587 is divided by 25?
12
What is the remainder when 282 is divided by 39?
9
What is the remainder when 331 is divided by 139?
53
Calculate the remainder when 3830 is divided by 142.
138
Calculate the remainder when 461 is divided by 134.
59
Calculate the remainder when 209 is divided by 71.
67
What is the remainder when 737 is divided by 355?
27
Calculate the remainder when 1976 is divided by 657.
5
What is the remainder when 2507 is divided by 5?
2
Calculate the remainder when 325 is divided by 41.
38
What is the remainder when 321 is divided by 27?
24
Calculate the remainder when 786 is divided by 273.
240
What is the remainder when 494 is divided by 45?
44
What is the remainder when 7520 is divided by 939?
8
What is the remainder when 1606 is divided by 135?
121
What is the remainder when 112 is divided by 21?
7
What is the remainder when 289 is divided by 56?
9
What is the remainder when 346 is divided by 72?
58
What is the remainder when 1620 is divided by 125?
120
Calculate the remainder when 37 is divided by 26.
11
What is the remainder when 657 is divided by 149?
61
Calculate the remainder when 805 is divided by 400.
5
Calculate the remainder when 659 is divided by 218.
5
What is the remainder when 971 is divided by 475?
21
What is the remainder when 2476 is divided by 190?
6
Calculate the remainder when 88 is divided by 36.
16
What is the remainder when 893 is divided by 26?
9
Calculate the remainder when 57 is divided by 24.
9
What is the remainder when 1438 is divided by 296?
254
What is the remainder when 1536 is divided by 81?
78
What is the remainder when 215 is divided by 52?
7
What is the remainder when 1098 is divided by 4?
2
What is the remainder when 1559 is divided by 776?
7
Calculate the remainder when 1521 is divided by 175.
121
What is the remainder when 67 is divided by 25?
17
What is the remainder when 2271 is divided by 228?
219
Calculate the remainder when 163 is divided by 21.
16
Calculate the remainder when 1684 is divided by 837.
10
What is the remainder when 67902 is divided by 27?
24
What is the remainder when 297 is divided by 61?
53
Calculate the remainder when 5430 is divided by 56.
54
Calculate the remainder when 441 is divided by 174.
93
Calculate the remainder when 45 is divided by 23.
22
Calculate the remainder when 975 is divided by 200.
175
What is the remainder when 283 is divided by 129?
25
What is the remainder when 27850 is divided by 11?
9
What is the remainder when 229 is divided by 33?
31
Calculate the remainder when 665 is divided by 324.
17
What is the remainder when 470 is divided by 41?
19
What is the remainder when 2716 is divided by 72?
52
What is the remainder when 253 is divided by 73?
34
What is the remainder when 2347 is divided by 117?
7
What is the remainder when 25955 is divided by 103?
102
Calculate the remainder when 615 is divided by 28.
27
Calculate the remainder when 380 is divided by 360.
20
Calculate the remainder when 4590 is divided by 41.
39
What is the remainder when 165 is divided by 38?
13
What is the remainder when 276 is divided by 206?
70
What is the remainder when 250 is divided by 40?
10
What is the remainder when 110 is divided by 9?
2
Calculate the remainder when 33 is divided by 28.
5
What is the remainder when 483 is divided by 38?
27
Calculate the remainder when 237 is divided by 8.
5
Calculate the remainder when 46 is divided by 29.
17
What is the remainder when 211 is divided by 55?
46
What is the remainder when 183 is divided by 23?
22
What is the remainder when 148 is divided by 4?
0
What is the remainder when 253 is divided by 117?
19
What is the remainder when 52 is divided by 14?
10
Calculate the remainder when 212 is divided by 79.
54
Calculate the remainder when 3019 is divided by 993.
40
Calculate the remainder when 197 is divided by 77.
43
Calculate the remainder when 2297 is divided by 46.
43
Calculate the remainder when 50 is divided by 19.
12
Calculate the remainder when 3047 is divided by 75.
47
What is the remainder when 20227 is divided by 10?
7
What is the remainder when 17 is divided by 11?
6
What is the remainder when 627 is divided by 46?
29
Calculate the remainder when 680 is divided by 310.
60
What is the remainder when 231 is divided by 112?
7
Calculate the remainder when 492 is divided by 143.
63
Calculate the remainder when 287 is divided by 156.
131
What is the remainder when 1650 is divided by 43?
16
What is the remainder when 956 is divided by 46?
36
What is the remainder when 183 is divided by 39?
27
What is the remainder when 308 is divided by 79?
71
What is the remainder when 507 is divided by 64?
59
What is the remainder when 1106 is divided by 364?
14
Calculate the remainder when 488 is divided by 176.
136
What is the remainder when 93 is divided by 93?
0
Calculate the remainder when 867 is divided by 124.
123
Calculate the remainder when 65393 is divided by 21.
20
Calculate the remainder when 475 is divided by 474.
1
What is the remainder when 220 is divided by 144?
76
Calculate the remainder when 1885 is divided by 51.
49
What is the remainder when 25 is divided by 22?
3
What is the remainder when 5584 is divided by 42?
40
What is the remainder when 455 is divided by 436?
19
Calculate the remainder when 632 is divided by 129.
116
What is the remainder when 757 is divided by 152?
149
Calculate the remainder when 611 is divided by 203.
2
Calculate the remainder when 14 is divided by 6.
2
Calculate the remainder when 1287 is divided by 23.
22
What is the remainder when 257 is divided by 45?
32
Calculate the remainder when 563 is divided by 112.
3
Calculate the remainder when 95 is divided by 24.
23
What is the remainder when 676 is divided by 670?
6
Calculate the remainder when 2372 is divided by 19.
16
What is the remainder when 833 is divided by 226?
155
What is the remainder when 1136 is divided by 268?
64
What is the remainder when 3832 is divided by 71?
69
What is the remainder when 359 is divided by 36?
35
Calculate the remainder when 34 is divided by 10.
4
What is the remainder when 17165 is divided by 16?
13
What is the remainder when 1352 is divided by 389?
185
What is the